{"id":13,"date":"2016-09-05T18:36:04","date_gmt":"2016-09-05T18:36:04","guid":{"rendered":"http:\/\/demos.famethemes.com\/screenr\/?page_id=5"},"modified":"2025-04-10T13:36:32","modified_gmt":"2025-04-10T11:36:32","slug":"homepage","status":"publish","type":"page","link":"https:\/\/wiwcorp.com\/","title":{"rendered":"WIWcorp &#8211; strona g\u0142\u00f3wna"},"content":{"rendered":"\n<figure class=\"wp-block-image alignleft size-large is-resized is-style-default\"><img loading=\"lazy\" decoding=\"async\" src=\"https:\/\/wiwcorp.com\/wp-content\/uploads\/2023\/04\/IMG_20211020_1145162-1024x439.jpg\" alt=\"\" class=\"wp-image-1438\" style=\"width:495px;height:213px\" width=\"495\" height=\"213\" srcset=\"https:\/\/wiwcorp.com\/wp-content\/uploads\/2023\/04\/IMG_20211020_1145162-1024x439.jpg 1024w, https:\/\/wiwcorp.com\/wp-content\/uploads\/2023\/04\/IMG_20211020_1145162-300x128.jpg 300w, https:\/\/wiwcorp.com\/wp-content\/uploads\/2023\/04\/IMG_20211020_1145162-768x329.jpg 768w, https:\/\/wiwcorp.com\/wp-content\/uploads\/2023\/04\/IMG_20211020_1145162-1536x658.jpg 1536w, https:\/\/wiwcorp.com\/wp-content\/uploads\/2023\/04\/IMG_20211020_1145162-2048x877.jpg 2048w\" sizes=\"auto, (max-width: 495px) 100vw, 495px\" \/><figcaption class=\"wp-element-caption\">Siedziba WIWcorp<\/figcaption><\/figure>\n\n\n\n<p>WIWcorp to nowa <strong>firma rodzinna oferuj\u0105ca us\u0142ugow\u0105 produkcj\u0119 pelletu i brykietu ze s\u0142omy<\/strong>, a docelowo o szerokim spektrum oferowanych produkt\u00f3w i us\u0142ug. Moi dziadkowie pochodzili z Zawady i tutaj mieli gospodarstwo rolne. Babcia Aniela z domu Stachowicz by\u0142a po\u0142o\u017cn\u0105 w olkuskim szpitalu. W latach 80&#8242; tata z wujkiem za\u0142o\u017cyli sad wi\u015bniowy, a p\u00f3\u017aniej pieczarkarni\u0119, w kt\u00f3rej pomaga\u0142em od dzieci\u0144stwa i mi\u0142o wspominam to zaj\u0119cie. Ale w zwi\u0105zku z dynamicznymi zmianami na rynku konieczne by\u0142o szukanie innego \u017ar\u00f3d\u0142a dochod\u00f3w. <br><br>Ju\u017c przed studiami zainteresowa\u0142em si\u0119 pozyskiwaniem energii z biomasy i dlatego za\u0142o\u017cy\u0142em ma\u0142\u0105, eksperymentaln\u0105 plantacj\u0119 wierzby energetycznej. Do dzisiaj daje mi ona satysfakcj\u0119, poniewa\u017c podmok\u0142y od\u0142\u00f3g w\u0142asnymi r\u0119kami zamieni\u0142em w produktywn\u0105 plantacj\u0119, kt\u00f3ra corocznie daje kilka ton zr\u0119bki opa\u0142owej. <br>Postanowi\u0142em i\u015b\u0107 w tym kierunku i st\u0105d moje zainteresowanie <strong>s\u0142om\u0105 jako powszechnym i tanim surowcu energetycznym<\/strong>. Gdy nadarzy\u0142a si\u0119 okazja aby otworzy\u0107 w\u0142asn\u0105 firm\u0119, postanowi\u0142em, \u017ce ten temat p\u00f3jdzie na pierwszy ogie\u0144. Na dzie\u0144 dzisiejszy ko\u0144cz\u0119 organizacj\u0119 zak\u0142adu i wkr\u00f3tce uruchomi\u0119 produkcj\u0119, ale ju\u017c teraz <strong>gor\u0105co zapraszam do wsp\u00f3\u0142pracy! <\/strong><br><br>Ze swojej strony gwarantuj\u0119 uczciwo\u015b\u0107, sumienno\u015b\u0107 i po prostu dobr\u0105 robot\u0119 &#8211; kto mnie zna to wie, \u017ce mo\u017cna mi zaufa\u0107. <strong>Jestem st\u0105d i wsp\u00f3lnie z Wami chc\u0119 budowa\u0107 nasz wsp\u00f3lny dobrobyt.<\/strong><br><\/p>\n\n\n\n<p class=\"has-text-align-left\">Pozdrawiam<br>Pawe\u0142 W\u0142\u00f3dzik &#8211; w\u0142a\u015bciciel WIWcorp<\/p>\n\n\n\n<hr class=\"wp-block-separator has-alpha-channel-opacity is-style-wide\"\/>\n\n\n\n<div style=\"height:11px\" aria-hidden=\"true\" class=\"wp-block-spacer\"><\/div>\n\n\n\n<p>Zasady, kt\u00f3rymi kierujemy si\u0119 w WIWcorp:<\/p>\n\n\n\n<div class=\"wp-block-group is-layout-flow wp-block-group-is-layout-flow\">\n<ul class=\"wp-block-list\">\n<li>Innowacje maj\u0105 s\u0142u\u017cy\u0107 ulepszaniu \u017cycia cz\u0142owieka<\/li>\n\n\n\n<li>My\u015blenie globalne, dzia\u0142anie lokalne<\/li>\n\n\n\n<li>Prowadzenie dzia\u0142alno\u015bci w poszanowaniu i dla dobra lokalnej spo\u0142eczno\u015bci<\/li>\n\n\n\n<li>Szczero\u015b\u0107 i uczciwo\u015b\u0107<\/li>\n\n\n\n<li>Racjonalne podej\u015bcie<\/li>\n\n\n\n<li>Dba\u0142o\u015b\u0107 o \u015brodowisko i klimat<\/li>\n\n\n\n<li>Zr\u00f3wnowa\u017cony rozw\u00f3j<\/li>\n<\/ul>\n\n\n\n<p><\/p>\n<\/div>\n\n\n\n<p><strong>Misja WIWcorp <\/strong>&#8211; &#8222;Czyni\u0107 \u015bwiat lepszym miejscem do \u017cycia&#8221;. <br>Naszym celem jest tworzenie innowacyjnych rozwi\u0105za\u0144, kt\u00f3re u\u0142atwiaj\u0105 \u017cycie zwyk\u0142emu cz\u0142owiekowi. Wierzymy, \u017ce nawet ma\u0142e innowacje mog\u0105 przynie\u015b\u0107 du\u017cy efekt w postaci lepszego \u017cycia naszych klient\u00f3w.<\/p>\n\n\n\n<p><strong>Wizja WIWcorp<\/strong> &#8211; naszym zdaniem \u015bwiat powinien by\u0107 miejscem przyjaznym zwyk\u0142emu, przeci\u0119tnemu cz\u0142owiekowi jak Ty czy ja. Ka\u017cdy zas\u0142uguje aby \u017cy\u0107 w takim otoczeniu i m\u00f3c korzysta\u0107 z zasob\u00f3w otaczaj\u0105cego nas \u015bwiata. Cz\u0142owiek powinien \u017cy\u0107 w zgodzie z natur\u0105 i korzysta\u0107 z niej w spos\u00f3b racjonalny i zr\u00f3wnowa\u017cony &#8211; Nasze przedsi\u0119biorstwo ma tak funkcjonowa\u0107, aby przyczynia\u0107 si\u0119 do urzeczywistniania tej wizji. Chcemy budowa\u0107 bardzo dobre relacje z klientami na zasadzie &#8222;wygrany-wygrany&#8221;, co przyniesie satysfakcj\u0119 obu stronom &#8211; praca jest nasz\u0105 pasj\u0105, a ulepszanie \u015bwiata (cho\u0107 w ma\u0142ym stopniu) naszym celem.<\/p>\n\n\n\n<hr class=\"wp-block-separator aligncenter has-alpha-channel-opacity is-style-dots\"\/>\n","protected":false},"excerpt":{"rendered":"<p>WIWcorp to nowa firma rodzinna oferuj\u0105ca us\u0142ugow\u0105 produkcj\u0119 pelletu i brykietu ze s\u0142omy, a docelowo o szerokim spektrum oferowanych produkt\u00f3w i us\u0142ug. Moi dziadkowie pochodzili z Zawady i tutaj mieli gospodarstwo rolne. Babcia Aniela z domu Stachowicz by\u0142a po\u0142o\u017cn\u0105 w olkuskim szpitalu. W latach 80&#8242; tata z wujkiem za\u0142o\u017cyli sad wi\u015bniowy, a p\u00f3\u017aniej pieczarkarni\u0119, w [&hellip;]<\/p>\n","protected":false},"author":1,"featured_media":1436,"parent":0,"menu_order":0,"comment_status":"closed","ping_status":"closed","template":"template-frontpage.php","meta":{"footnotes":""},"class_list":["post-13","page","type-page","status-publish","has-post-thumbnail","hentry"],"_links":{"self":[{"href":"https:\/\/wiwcorp.com\/index.php?rest_route=\/wp\/v2\/pages\/13","targetHints":{"allow":["GET"]}}],"collection":[{"href":"https:\/\/wiwcorp.com\/index.php?rest_route=\/wp\/v2\/pages"}],"about":[{"href":"https:\/\/wiwcorp.com\/index.php?rest_route=\/wp\/v2\/types\/page"}],"author":[{"embeddable":true,"href":"https:\/\/wiwcorp.com\/index.php?rest_route=\/wp\/v2\/users\/1"}],"replies":[{"embeddable":true,"href":"https:\/\/wiwcorp.com\/index.php?rest_route=%2Fwp%2Fv2%2Fcomments&post=13"}],"version-history":[{"count":3,"href":"https:\/\/wiwcorp.com\/index.php?rest_route=\/wp\/v2\/pages\/13\/revisions"}],"predecessor-version":[{"id":1904,"href":"https:\/\/wiwcorp.com\/index.php?rest_route=\/wp\/v2\/pages\/13\/revisions\/1904"}],"wp:featuredmedia":[{"embeddable":true,"href":"https:\/\/wiwcorp.com\/index.php?rest_route=\/wp\/v2\/media\/1436"}],"wp:attachment":[{"href":"https:\/\/wiwcorp.com\/index.php?rest_route=%2Fwp%2Fv2%2Fmedia&parent=13"}],"curies":[{"name":"wp","href":"https:\/\/api.w.org\/{rel}","templated":true}]}}